{"id":295,"date":"2024-05-22T17:48:54","date_gmt":"2024-05-22T17:48:54","guid":{"rendered":"https:\/\/touche2bois.com\/wordpress_h\/?post_type=product&#038;p=295"},"modified":"2025-04-25T16:18:17","modified_gmt":"2025-04-25T16:18:17","slug":"miroirs-thk100","status":"publish","type":"product","link":"https:\/\/touche2bois.com\/wordpress_h\/?product=miroirs-thk100","title":{"rendered":"Miroirs THK100"},"content":{"rendered":"","protected":false},"excerpt":{"rendered":"<p>Miroir avec \u00e9tag\u00e8re en m\u00e9dium 8mm, verre encastr\u00e9 avec support d\u00e9montable et crochet<\/p>\n<p>Dimensions: 58 cm x 38cm<\/p>\n","protected":false},"featured_media":303,"comment_status":"closed","ping_status":"closed","template":"","meta":[],"product_brand":[],"product_cat":[18,17],"product_tag":[],"class_list":{"0":"post-295","1":"product","2":"type-product","3":"status-publish","4":"has-post-thumbnail","6":"product_cat-miroir-aoprt201","7":"product_cat-miroirs-mauresques","9":"entry","10":"has-media","12":"first","13":"instock","14":"shipping-taxable","15":"purchasable","16":"product-type-simple","17":"has-product-nav","18":"col","19":"span_1_of_4","20":"owp-content-center","21":"owp-thumbs-layout-horizontal","22":"owp-btn-big","23":"owp-tabs-layout-horizontal","24":"has-no-thumbnails"},"_links":{"self":[{"href":"https:\/\/touche2bois.com\/wordpress_h\/index.php?rest_route=\/wp\/v2\/product\/295","targetHints":{"allow":["GET"]}}],"collection":[{"href":"https:\/\/touche2bois.com\/wordpress_h\/index.php?rest_route=\/wp\/v2\/product"}],"about":[{"href":"https:\/\/touche2bois.com\/wordpress_h\/index.php?rest_route=\/wp\/v2\/types\/product"}],"replies":[{"embeddable":true,"href":"https:\/\/touche2bois.com\/wordpress_h\/index.php?rest_route=%2Fwp%2Fv2%2Fcomments&post=295"}],"wp:featuredmedia":[{"embeddable":true,"href":"https:\/\/touche2bois.com\/wordpress_h\/index.php?rest_route=\/wp\/v2\/media\/303"}],"wp:attachment":[{"href":"https:\/\/touche2bois.com\/wordpress_h\/index.php?rest_route=%2Fwp%2Fv2%2Fmedia&parent=295"}],"wp:term":[{"taxonomy":"product_brand","embeddable":true,"href":"https:\/\/touche2bois.com\/wordpress_h\/index.php?rest_route=%2Fwp%2Fv2%2Fproduct_brand&post=295"},{"taxonomy":"product_cat","embeddable":true,"href":"https:\/\/touche2bois.com\/wordpress_h\/index.php?rest_route=%2Fwp%2Fv2%2Fproduct_cat&post=295"},{"taxonomy":"product_tag","embeddable":true,"href":"https:\/\/touche2bois.com\/wordpress_h\/index.php?rest_route=%2Fwp%2Fv2%2Fproduct_tag&post=295"}],"curies":[{"name":"wp","href":"https:\/\/api.w.org\/{rel}","templated":true}]}}